are the prime factors of l?
2, 3, 11
Suppose 14 = -12*l + 50. Suppose -l*z + 97 = -140. What are the prime factors of z?
79
Suppose -4*v - 4*s + 12 = -3*v, -s - 8 = 3*v. Let l be (-402)/v*(-4)/3. List the prime factors of -3 + 3 + (3 - l).
137
What are the prime factors of (1024611/357 - 26) + 2/(-34)?
2, 3, 79
Suppose 0 = -5*r + 5*w + 790, 0 = -4*r + 2*w + 745 - 123. Let a = 324 - r. List the prime factors of a.
3, 19
Let i(s) = -2*s - 18. Let n be i(-10). Suppose -n*q - 26 = -3*q. Suppose -116 = -2*k + q. List the prime factors of k.
71
List the prime factors of (1/1)/(54/(-180)*4/(-34194)).
5, 41, 139
Suppose 71*l + 343844 = 2109401. List the prime factors of l.
3, 307
Let a(l) = 1417*l**2 + 19*l + 39. List the prime factors of a(-2).
5669
Let t(s) = -3*s**3 - 2*s + 2. Let x be t(1). Let c(z) = -69*z**3 + z**2 + 18*z + 13. What are the prime factors of c(x)?
1831
Let s(w) be the third derivative of -w**6/120 - w**5/10 + w**4/24 + 5*w**3/6 - 10*w**2. Let k be s(-4). Let d = 71 + k. List the prime factors of d.
2, 5
Let d(x) = 609*x**2 + 84*x - 557. List the prime factors of d(8).
13, 31, 97
Let q(p) = -514*p - 74. Let x be q(6). Let n = x + 4756. What are the prime factors of n?
2, 17, 47
Let y be (7/(-3))/((-3)/9). Suppose 4*p = -2*o + 762, -6*o = 2*p - y*o - 383. What are the prime factors of p?
191
Suppose b - 27129 = -5*p, 253*p - 3*b - 16281 = 250*p. What are the prime factors of p?
2, 2713
Suppose -4*r + 6*r = 2*g + 18, -2*r - 2 = 3*g. Let m be (-1)/g + 2907/68. Let w = 89 - m. List the prime factors of w.
2, 23
Let o be (20/4 + -3)*(-5)/(-2). Suppose 2814 = o*n - 431. List the prime factors of n.
11, 59
Let x = -106 + 105. Let b = -4 - x. List the prime factors of 2 + (-290)/b + 1/3.
3, 11
Let w(k) = -k**3 - 19*k**2 + 10. Let l = 88 + -55. Suppose -3*h + 12 = 0, 3*h - 17 = 2*v + l. What are the prime factors of w(v)?
2, 5
Suppose 6*d - 9 = 3*d. Let l be (-4)/(-3) + 1163/d. Suppose 5*f - 5*z = 320, -4*f - 101 = 4*z - l. What are the prime factors of f?
2, 17
Let l(r) = -890*r + 202. List the prime factors of l(-21).
2, 4723
Suppose -8*f - 64*f + 500400 = 0. List the prime factors of f.
2, 5, 139
Suppose m = 5*g + 36708, -36696 = 175*m - 176*m - g. What are the prime factors of m?
2, 59, 311
Let j = -49 - -82. Let g(u) = 13*u - 1. Let d be g(1). Let x = j + d. List the prime factors of x.
3, 5
Let y(g) = 36*g - 19. Suppose -3*h + 39 - 3 = -2*j, -j = 0. List the prime factors of y(h).
7, 59
Let d be (14 - 12)*2/4*271. Let f = d + 114. What are the prime factors of f?
5, 7, 11
Suppose 6*y - 30 = y. Suppose -y*c + 4 + 8 = 0. Suppose -128 = -c*d + 4*s, -d - 3*d = 4*s - 316. What are the prime factors of d?
2, 37
Suppose 0 = -l - 10 + 16, -5*y = -5*l - 25445. List the prime factors of y.
5, 1019
Suppose -442*o - u = -441*o - 3844, u + 11532 = 3*o. List the prime factors of o.
2, 31
Suppose -60*b = -32*b - 107757 - 22219. List the prime factors of b.
2, 11, 211
Let z = -7007 + 56388. List the prime factors of z.
19, 23, 113
Let w = 3055 + 42155. What are the prime factors of w?
2, 3, 5, 11, 137
Let s = -686 + 691. Suppose 0 - 9 = -3*n. Suppose 5*v = -s*y + 700, v = n*y - 2*y + 138. What are the prime factors of v?
139
Let n(q) = q**2 + q - 57. Suppose -12*x - 42 = -9*x. List the prime factors of n(x).
5
Let n(p) be the third derivative of p**6/120 - 3*p**5/20 + p**4/24 + p**3/2 + 4*p**2. Let w be n(9). Let f = 42 - w. What are the prime factors of f?
2, 3, 5
What are the prime factors of 1/(-6) + (-4764795)/(-630)?
3, 2521
Let w = 73991 - 34723. What are the prime factors of w?
2, 9817
Let j be 70329/45 + 4 - 16/(-120). Suppose 7*a - j = 855. List the prime factors of a.
2, 173
Let r = 8104 + -7208. What are the prime factors of r?
2, 7
Let n(f) = -5*f**2 + 277*f - 32. What are the prime factors of n(47)?
2, 971
Let r = 1350 - -27430. What are the prime factors of r?
2, 5, 1439
Let n(x) = -10*x**2 + 3*x - 4. Let q be n(-3). Let j = 296 + q. Suppose -t - z + 37 = 0, 0*t = 5*t + 3*z - j. List the prime factors of t.
41
Let y(a) = 5176*a**3 - 4*a**2 - 7*a + 13. List the prime factors of y(1).
2, 3, 863
Suppose -3*q + 37994 = -11*a + 10*a, 7*q - 2*a - 88652 = 0. List the prime factors of q.
2, 1583
Let t(d) = -2*d**3 - 2*d**2 + 10*d + 12. Let a be t(-1). Let z be 85 - 3 - (1 + -1). Suppose -a*c + 418 = -z. List the prime factors of c.
2, 5
Let n = -5009 - -19871. What are the prime factors of n?
2, 3, 2477
Let f(s) = 2*s**3 + 12*s**2 + 9*s - 1. Let d(w) = w**3 + w**2 - w - 1. Let r(a) = -3*d(a) + f(a). Let x = 6039 + -6032. List the prime factors of r(x).
2, 23
Let d(i) = 36*i**3 - 6*i**2 + 5*i - 22. Suppose 0 = -2*o - 2*p + 2, 4*p = 2*o - 12 - 2. List the prime factors of d(o).
911
Suppose 17*v - 2930 = 20*v + 4*m, -4*v = -m + 3894. Let k = v - -1846. What are the prime factors of k?
2, 109
Let o(d) = -25*d**3 - 1. Let q be o(-2). Suppose -2*t = -t - 2*k + 12, 5*k = -4*t + 30. List the prime factors of -11 + q + t + 2.
2, 5, 19
Let b(c) = 63*c**2 - 117*c - 1052. What are the prime factors of b(-10)?
2, 3209
Let r be (2 - 10/15)/(4/(-126)). What are the prime factors of ((656/10)/(-2))/(r/1155)?
2, 11, 41
Suppose -2*k = 3*k - u - 9518, -u = 3*k - 5714. Suppose 5*c - k = c. List the prime factors of c.
2, 7, 17
Suppose 2*q + 16*w - 4442 = 14*w, 5*w = -4*q + 8878. List the prime factors of q.
17, 131
Let f be (8/20)/(5/200) + -4. List the prime factors of (f - 15)*147/(-9).
7
Let d be 12/2 + (-5 - -3). Let i(g) = 5 + 711*g**3 - 3*g - 709*g**3 - 6*g. List the prime factors of i(d).
97
Suppose -4*f = 46 + 282. Let l = f - -267. What are the prime factors of l?
5, 37
Suppose -4*x + 3680 = 4*k, -43*x = -42*x - 2*k - 896. List the prime factors of x.
2, 3, 19
Let i(m) = -m**3 + 9*m**2 - m + 14. Let n be i(9). List the prime factors of n*((-5684)/(-35))/4.
7, 29
Suppose -71*v + 66*v + 5 = 0. Suppose -v = 4*m - 9. What are the prime factors of 1250/(-75)*(-9)/m?
3, 5
Let b(k) = -7*k**2 - 560*k - 15. List the prime factors of b(-75).
2, 3, 5, 29
List the prime factors of ((-955173)/(-145))/(18/60).
2, 10979
Suppose 2*b = 0, -4*y = -2*y + b - 9036. Suppose 913 = d + 4*t, -4*d - 877 = 5*t - y. What are the prime factors of d?
3, 101
Let t(h) = -2*h + 17. Suppose -4*p + 7 = 4*u - 17, 4*u = 5*p + 15. Let v be 2/(-10) + 27/(-15) - p. List the prime factors of t(v).
23
Suppose -4*q + 4*x = -155404, 10*q = 9*q + 5*x + 38835. List the prime factors of q.
5, 19, 409
Let b = -1707 + 3458. List the prime factors of b.
17, 103
Suppose -5 = 3*k - 4*k. Suppose d - 73 = -k*m, -4*d + 183 = 3*m - 194. Let i = d - 28. List the prime factors of i.
2, 5, 7
Suppose 188 = 12*c + 20. Let i = -5 + c. List the prime factors of (0 - 3)*3/(i/(-104)).
2, 13
Let c = 2260 + -1320. Let k = c + -390. Suppose 9*p = 4*p + k. What are the prime factors of p?
2, 5, 11
Suppose 3*j - 10387 = -2*a, 5*a = 2*j - 2565 - 4385. What are the prime factors of j?
3, 5, 7, 11
What are the prime factors of 738/(-90) + (-1)/(-5) + -10 + 53581?
29, 1847
Let k(h) = -263*h - 3112. List the prime factors of k(-18).
2, 811
Let a(b) = 5483*b - 4684. List the prime factors of a(8).
2, 3, 5, 653
Suppose 14*c - 2*d = 12*c + 2460, -4*d + 20 = 0. Let i = c - 455. What are the prime factors of i?
2, 3, 5, 13
Suppose 0 = -2*t - m + 6, 1 = -3*m - 5. Suppose -j = -2*j + t. Suppose -2*l + 0 + 4 = 0, -k + j*l = -70. List the prime factors of k.
2, 3, 13
Suppose 4*o + 5*r = -o - 390, 3*r = 4*o + 298. Let n = 305 + o. Let u = n + -134. What are the prime factors of u?
5, 19
Suppose -163*d + 13275494 = 315*d. What are the prime factors of d?
27773
Suppose 106*g - 110*g - 4*n = -21200, 2*g + 4*n = 10608. List the prime factors of g.
2, 331
Suppose -56630 = -17*j - 18*j. Let m = -760 + j. What are the prime factors of m?
2, 3, 11, 13
Let j be (-3)/9 - 51/9. Let r be (2/j)/(1/(-60)). Let m = r + 62. What are the prime factors of m?
2, 41
Let k be -4 - 37/(-6) - 2/12. Suppose 3*a = -k*a + 3*a. Suppose 3*s = -j + 74 + 260, a = 2*j - 2. List the prime factors of s.
3, 37
Suppose 134*x - 192 = 130*x. List the prime factors of (-21152)/(-416) - (x/26 + -2).
3, 17
Let r = 26 - 38. Let y be (-1306)/(-3) - 8/r. Suppose -4*d + 460 = -b, -8*b = 4*d - 3*b - y. List the prime factors of d.
2, 3, 19
Let u(p) = -p**2 + 23*p - 24. Let r 